{"id":1598,"date":"2025-04-09T17:34:38","date_gmt":"2025-04-09T20:34:38","guid":{"rendered":"https:\/\/inimutaba.mg.gov.br\/licitacoes\/?post_type=product&#038;p=1598"},"modified":"2025-05-08T17:41:46","modified_gmt":"2025-05-08T20:41:46","slug":"inex-018-2025-copia","status":"publish","type":"product","link":"https:\/\/inimutaba.mg.gov.br\/licitacoes\/processo\/inex-018-2025-copia\/","title":{"rendered":"INEX &#8211; 018\/2025"},"content":{"rendered":"<p><strong>N\u00famero da licita\u00e7\u00e3o: 018\/2025<\/strong><\/p>\n<p><strong>N\u00famero do processo administrativo:<\/strong> 018<\/p>\n<p><strong>Modalidade da licita\u00e7\u00e3o:<\/strong> INEXIGIBILIDADE<\/p>\n<p><strong>Fundamenta\u00e7\u00e3o legal:<\/strong> Nova Lei de Licita\u00e7\u00f5es Lei 14.133\/2021<\/p>\n<p><strong>Objeto:<\/strong> Contrata\u00e7\u00e3o do show da dupla \u201cJO\u00c3O NETO e FREDERICO\u201d, reconhecido nacionalmente, para apresenta\u00e7\u00e3o de show nas festividades do \u201c41\u00ba FORR\u00d3 DE INIMUTABA\u201d, com dura\u00e7\u00e3o m\u00ednima de 01:30 horas, no dia 25\/07\/2025, conforme especificados no Anexo I \u2013 Termo de Refer\u00eancia\/Especifica\u00e7\u00f5es do objeto, parte integrante do presente Edital.<\/p>\n<p><strong>Unidade solicitante:<\/strong> PREFEITURA MUNICIPAL DE INIMUTABA\/MG<\/p>\n<p><strong>Data de publica\u00e7\u00e3o:<\/strong> 09\/04\/2025<\/p>\n<p><strong>Data de abertura:<\/strong> 14\/04\/2025<\/p>\n<p><strong>Hor\u00e1rio de abertura:<\/strong> 13:00 HORAS<\/p>\n<p><strong>Local da Sess\u00e3o Publica:<\/strong> Sala da Comiss\u00e3o de Licita\u00e7\u00f5es e Contratos no Predio da Prefeitura Municipal, com sede na Pra\u00e7a Cel. Francisco Mascarenhas, n\u00ba 76, centro, Inimutaba\/MG.<\/p>\n<p><strong>Status:<\/strong>\u00a0 Finalizado<\/p>\n","protected":false},"excerpt":{"rendered":"<p class=\"unidade\">Unidade: Prefeitura Municipal de Inimutaba &#8211; MG<\/p>\n<p class=\"dt_habilitacao\">Data de abertura: 14\/04\/2025<\/p>\n<p class=\"dt_habilitacao\">Hor\u00e1rio de abertura: 13:00H<\/p>\n<p>Contrata\u00e7\u00e3o do show da dupla \u201cJO\u00c3O NETO e FREDERICO\u201d, reconhecido nacionalmente, para apresenta\u00e7\u00e3o de show nas festividades do \u201c41\u00ba FORR\u00d3 DE INIMUTABA\u201d, com dura\u00e7\u00e3o m\u00ednima de 01:30 horas, no dia 25\/07\/2025, conforme especificados no Anexo I \u2013 Termo de Refer\u00eancia\/Especifica\u00e7\u00f5es do objeto, parte integrante do presente Edital.<\/p>\n<p><strong>Status: <\/strong>Finalizado<\/p>\n","protected":false},"featured_media":0,"comment_status":"closed","ping_status":"closed","template":"","meta":[],"product_brand":[],"product_cat":[40],"product_tag":[],"class_list":{"0":"post-1598","1":"product","2":"type-product","3":"status-publish","5":"product_cat-inexigibilidade","6":"wcpa_has_options","8":"first","9":"instock","10":"shipping-taxable","11":"product-type-simple"},"_links":{"self":[{"href":"https:\/\/inimutaba.mg.gov.br\/licitacoes\/wp-json\/wp\/v2\/product\/1598","targetHints":{"allow":["GET"]}}],"collection":[{"href":"https:\/\/inimutaba.mg.gov.br\/licitacoes\/wp-json\/wp\/v2\/product"}],"about":[{"href":"https:\/\/inimutaba.mg.gov.br\/licitacoes\/wp-json\/wp\/v2\/types\/product"}],"replies":[{"embeddable":true,"href":"https:\/\/inimutaba.mg.gov.br\/licitacoes\/wp-json\/wp\/v2\/comments?post=1598"}],"version-history":[{"count":1,"href":"https:\/\/inimutaba.mg.gov.br\/licitacoes\/wp-json\/wp\/v2\/product\/1598\/revisions"}],"predecessor-version":[{"id":1601,"href":"https:\/\/inimutaba.mg.gov.br\/licitacoes\/wp-json\/wp\/v2\/product\/1598\/revisions\/1601"}],"wp:attachment":[{"href":"https:\/\/inimutaba.mg.gov.br\/licitacoes\/wp-json\/wp\/v2\/media?parent=1598"}],"wp:term":[{"taxonomy":"product_brand","embeddable":true,"href":"https:\/\/inimutaba.mg.gov.br\/licitacoes\/wp-json\/wp\/v2\/product_brand?post=1598"},{"taxonomy":"product_cat","embeddable":true,"href":"https:\/\/inimutaba.mg.gov.br\/licitacoes\/wp-json\/wp\/v2\/product_cat?post=1598"},{"taxonomy":"product_tag","embeddable":true,"href":"https:\/\/inimutaba.mg.gov.br\/licitacoes\/wp-json\/wp\/v2\/product_tag?post=1598"}],"curies":[{"name":"wp","href":"https:\/\/api.w.org\/{rel}","templated":true}]}}

<p><strong>Número da licitação: 018/2025</strong></p>
<p><strong>Número do processo administrativo:</strong> 018</p>
<p><strong>Modalidade da licitação:</strong> INEXIGIBILIDADE</p>
<p><strong>Fundamentação legal:</strong> Nova Lei de Licitações Lei 14.133/2021</p>
<p><strong>Objeto:</strong> Contratação do show da dupla “JOÃO NETO e FREDERICO”, reconhecido nacionalmente, para apresentação de show nas festividades do “41º FORRÓ DE INIMUTABA”, com duração mínima de 01:30 horas, no dia 25/07/2025, conforme especificados no Anexo I – Termo de Referência/Especificações do objeto, parte integrante do presente Edital.</p>
<p><strong>Unidade solicitante:</strong> PREFEITURA MUNICIPAL DE INIMUTABA/MG</p>
<p><strong>Data de publicação:</strong> 09/04/2025</p>
<p><strong>Data de abertura:</strong> 14/04/2025</p>
<p><strong>Horário de abertura:</strong> 13:00 HORAS</p>
<p><strong>Local da Sessão Publica:</strong> Sala da Comissão de Licitações e Contratos no Predio da Prefeitura Municipal, com sede na Praça Cel. Francisco Mascarenhas, nº 76, centro, Inimutaba/MG.</p>
<p><strong>Status:</strong>  Finalizado</p>

<p class="unidade">Unidade: Prefeitura Municipal de Inimutaba &#8211; MG</p>
<p class="dt_habilitacao">Data de abertura: 14/04/2025</p>
<p class="dt_habilitacao">Horário de abertura: 13:00H</p>
<p>Contratação do show da dupla “JOÃO NETO e FREDERICO”, reconhecido nacionalmente, para apresentação de show nas festividades do “41º FORRÓ DE INIMUTABA”, com duração mínima de 01:30 horas, no dia 25/07/2025, conforme especificados no Anexo I – Termo de Referência/Especificações do objeto, parte integrante do presente Edital.</p>
<p><strong>Status: </strong>Finalizado</p>
