{"id":1676,"date":"2025-07-30T09:48:24","date_gmt":"2025-07-30T12:48:24","guid":{"rendered":"https:\/\/inimutaba.mg.gov.br\/licitacoes\/?post_type=product&#038;p=1676"},"modified":"2025-10-20T15:42:34","modified_gmt":"2025-10-20T18:42:34","slug":"pp-032-2025","status":"publish","type":"product","link":"https:\/\/inimutaba.mg.gov.br\/licitacoes\/processo\/pp-032-2025\/","title":{"rendered":"PP &#8211; 032\/2025"},"content":{"rendered":"<p><strong>N\u00famero da licita\u00e7\u00e3o: 032\/2025<\/strong><\/p>\n<p><strong>N\u00famero do processo administrativo:<\/strong> 032<\/p>\n<p><strong>Modalidade da licita\u00e7\u00e3o:<\/strong> PREG\u00c3O PRESENCIAL<\/p>\n<p><strong>Fundamenta\u00e7\u00e3o legal:<\/strong>\u00a0Nova Lei de Licita\u00e7\u00f5es Lei 14.133\/2021<\/p>\n<p><strong>Objeto:<\/strong> A presente licita\u00e7\u00e3o tem como objeto a Aquisi\u00e7\u00e3o de materiais el\u00e9tricos, para manuten\u00e7\u00e3o preventiva e corretiva da rede el\u00e9trica da Secretaria Municipal de Sa\u00fade, conforme especificados no Anexo I \u2013 Termo de Refer\u00eancia\/Especifica\u00e7\u00f5es do objeto, parte integrante do presente Edital.<\/p>\n<p><strong>Unidade solicitante:<\/strong>\u00a0PREFEITURA MUNICIPAL DE INIMUTABA\/MG<\/p>\n<p><strong>Data de publica\u00e7\u00e3o:<\/strong> 30\/07\/2025<\/p>\n<p><strong>Data de abertura:<\/strong> 14\/08\/2025<\/p>\n<p><strong>Hor\u00e1rio de abertura:<\/strong> 13:00 HORAS<\/p>\n<p><strong>Local da Sess\u00e3o Publica:<\/strong>\u00a0Sala da Comiss\u00e3o de Licita\u00e7\u00f5es e Contratos no Predio da Prefeitura Municipal, com sede na Pra\u00e7a Cel. Francisco Mascarenhas, n\u00ba 76, centro, Inimutaba\/MG.<\/p>\n<p><strong>Status:<\/strong><span style=\"color: #000000;\">Finalizado<\/span><\/p>\n","protected":false},"excerpt":{"rendered":"<p class=\"unidade\">Unidade: Prefeitura Municipal de Inimutaba &#8211; MG<\/p>\n<p class=\"dt_habilitacao\">Data de abertura: 14\/08\/2025<\/p>\n<p class=\"dt_habilitacao\">Hor\u00e1rio de abertura: 13:00H<\/p>\n<p>A presente licita\u00e7\u00e3o tem como objeto a Aquisi\u00e7\u00e3o de materiais el\u00e9tricos, para manuten\u00e7\u00e3o preventiva e corretiva da rede el\u00e9trica da Secretaria Municipal de Sa\u00fade, conforme especificados no Anexo I \u2013 Termo de Refer\u00eancia\/Especifica\u00e7\u00f5es do objeto, parte integrante do presente Edital.<\/p>\n<p><strong>Status: <\/strong><span style=\"color: #000000;\">Finalizado<\/span><\/p>\n","protected":false},"featured_media":0,"comment_status":"closed","ping_status":"closed","template":"","meta":[],"product_brand":[],"product_cat":[48],"product_tag":[],"class_list":{"0":"post-1676","1":"product","2":"type-product","3":"status-publish","5":"product_cat-pregao-presencial","6":"wcpa_has_options","8":"first","9":"instock","10":"shipping-taxable","11":"product-type-simple"},"_links":{"self":[{"href":"https:\/\/inimutaba.mg.gov.br\/licitacoes\/wp-json\/wp\/v2\/product\/1676","targetHints":{"allow":["GET"]}}],"collection":[{"href":"https:\/\/inimutaba.mg.gov.br\/licitacoes\/wp-json\/wp\/v2\/product"}],"about":[{"href":"https:\/\/inimutaba.mg.gov.br\/licitacoes\/wp-json\/wp\/v2\/types\/product"}],"replies":[{"embeddable":true,"href":"https:\/\/inimutaba.mg.gov.br\/licitacoes\/wp-json\/wp\/v2\/comments?post=1676"}],"version-history":[{"count":2,"href":"https:\/\/inimutaba.mg.gov.br\/licitacoes\/wp-json\/wp\/v2\/product\/1676\/revisions"}],"predecessor-version":[{"id":1755,"href":"https:\/\/inimutaba.mg.gov.br\/licitacoes\/wp-json\/wp\/v2\/product\/1676\/revisions\/1755"}],"wp:attachment":[{"href":"https:\/\/inimutaba.mg.gov.br\/licitacoes\/wp-json\/wp\/v2\/media?parent=1676"}],"wp:term":[{"taxonomy":"product_brand","embeddable":true,"href":"https:\/\/inimutaba.mg.gov.br\/licitacoes\/wp-json\/wp\/v2\/product_brand?post=1676"},{"taxonomy":"product_cat","embeddable":true,"href":"https:\/\/inimutaba.mg.gov.br\/licitacoes\/wp-json\/wp\/v2\/product_cat?post=1676"},{"taxonomy":"product_tag","embeddable":true,"href":"https:\/\/inimutaba.mg.gov.br\/licitacoes\/wp-json\/wp\/v2\/product_tag?post=1676"}],"curies":[{"name":"wp","href":"https:\/\/api.w.org\/{rel}","templated":true}]}}

<p><strong>Número da licitação: 032/2025</strong></p>
<p><strong>Número do processo administrativo:</strong> 032</p>
<p><strong>Modalidade da licitação:</strong> PREGÃO PRESENCIAL</p>
<p><strong>Fundamentação legal:</strong> Nova Lei de Licitações Lei 14.133/2021</p>
<p><strong>Objeto:</strong> A presente licitação tem como objeto a Aquisição de materiais elétricos, para manutenção preventiva e corretiva da rede elétrica da Secretaria Municipal de Saúde, conforme especificados no Anexo I – Termo de Referência/Especificações do objeto, parte integrante do presente Edital.</p>
<p><strong>Unidade solicitante:</strong> PREFEITURA MUNICIPAL DE INIMUTABA/MG</p>
<p><strong>Data de publicação:</strong> 30/07/2025</p>
<p><strong>Data de abertura:</strong> 14/08/2025</p>
<p><strong>Horário de abertura:</strong> 13:00 HORAS</p>
<p><strong>Local da Sessão Publica:</strong> Sala da Comissão de Licitações e Contratos no Predio da Prefeitura Municipal, com sede na Praça Cel. Francisco Mascarenhas, nº 76, centro, Inimutaba/MG.</p>
<p><strong>Status:</strong><span style="color: #000000;">Finalizado</span></p>

<p class="unidade">Unidade: Prefeitura Municipal de Inimutaba &#8211; MG</p>
<p class="dt_habilitacao">Data de abertura: 14/08/2025</p>
<p class="dt_habilitacao">Horário de abertura: 13:00H</p>
<p>A presente licitação tem como objeto a Aquisição de materiais elétricos, para manutenção preventiva e corretiva da rede elétrica da Secretaria Municipal de Saúde, conforme especificados no Anexo I – Termo de Referência/Especificações do objeto, parte integrante do presente Edital.</p>
<p><strong>Status: </strong><span style="color: #000000;">Finalizado</span></p>
